is -31 + -6?
-40
In base 12, what is a8 + -2?
a6
In base 14, what is 3 + 2?
5
In base 15, what is 2227 - 1?
2226
In base 12, what is 1 - -185?
186
In base 8, what is -2523 - -1?
-2522
In base 10, what is -1 - 52?
-53
In base 16, what is -5 + 8f?
8a
In base 9, what is 4 - 5312?
-5307
In base 13, what is -3 - -648?
645
In base 14, what is 3 - 1cd?
-1ca
In base 11, what is 4 - -127?
130
In base 12, what is 1b4 + -23?
191
In base 11, what is -10a - -2?
-108
In base 7, what is 241 + 256?
530
In base 7, what is -314 + 103?
-211
In base 5, what is 14 + -30?
-11
In base 11, what is 5154 - -2?
5156
In base 6, what is 5 + 512?
521
In base 3, what is 1202 - -220?
2122
In base 7, what is -653 - 5?
-661
In base 4, what is 11210 - -1?
11211
In base 6, what is -4214 - 5?
-4223
In base 13, what is aa - -4?
b1
In base 14, what is 892 - -1?
893
In base 10, what is -1 - 2950?
-2951
In base 14, what is 25 - 2a8?
-283
In base 9, what is -6 + 1082?
1075
In base 11, what is 4 + -1aa?
-1a6
In base 8, what is 55 - -1?
56
In base 7, what is 4 + -363?
-356
In base 15, what is 9 + -ac?
-a3
In base 13, what is 5 - 1c4?
-1bc
In base 5, what is -443 + 4?
-434
In base 13, what is -1 + 1?
0
In base 16, what is -a4 - 2?
-a6
In base 14, what is -4 - 9b?
-a1
In base 11, what is 22 + 7?
29
In base 9, what is -4 + 22?
17
In base 15, what is 55 + 7?
5c
In base 14, what is 507 - 1?
506
In base 14, what is -11 - 93?
-a4
In base 3, what is -20 - 21?
-111
In base 7, what is -1 - 134?
-135
In base 6, what is 0 + 144?
144
In base 12, what is 6 + 12b?
135
In base 5, what is 21024 + 4?
21033
In base 14, what is -13 - 99?
-ac
In base 4, what is -122 + 130?
2
In base 11, what is -614 + -8?
-621
In base 12, what is -34 + 120?
a8
In base 2, what is -1000 + -1000000000?
-1000001000
In base 15, what is 4c6 + -1?
4c5
In base 11, what is -73a9 + -4?
-7402
In base 9, what is 1 - 166?
-165
In base 2, what is 10000011 + -111100?
1000111
In base 5, what is 400 - -21?
421
In base 13, what is -21 + 8?
-16
In base 12, what is 80 + -3?
79
In base 11, what is -5 - -67?
62
In base 8, what is 7 + 4?
13
In base 10, what is -145 - -26?
-119
In base 2, what is 1 + -100001011100?
-100001011011
In base 3, what is 22 - -11000111?
11000210
In base 16, what is 4 + -2f?
-2b
In base 5, what is -22 + 101?
24
In base 7, what is -4 - 2464?
-2501
In base 8, what is 3 + 177?
202
In base 11, what is -4 - 139?
-142
In base 8, what is -5353 + 5?
-5346
In base 14, what is 676 + 4?
67a
In base 4, what is -3 + 232?
223
In base 12, what is -381 - 15?
-396
In base 13, what is -9 + 5?
-4
In base 12, what is -1397 - 2?
-1399
In base 2, what is -1001110 - 10111000?
-100000110
In base 16, what is -1 + 3ea?
3e9
In base 10, what is -6 - 2?
-8
In base 14, what is 5 - 35?
-30
In base 13, what is 8 - 7?
1
In base 16, what is -3a - -c?
-2e
In base 10, what is 35 + 33?
68
In base 15, what is 8 - 6?
2
In base 7, what is -106 + 4?
-102
In base 3, what is 11 + -11100?
-11012
In base 9, what is 4 - 1100?
-1085
In base 7, what is -4 + -3222?
-3226
In base 3, what is -10120 - 1?
-10121
In base 12, what is -39 - -6?
-33
In base 7, what is -1 + -22?
-23
In base 16, what is 642 + 5?
647
In base 12, what is -3 + -88?
-8b
In base 15, what is 14d + -2?
14b
In base 6, what is 10 - 2412?
-2402
In base 5, what is 1 + -11402?
-11401
In base 13, what is -7 + 2?
-5
In base 13, what is 3c4 - 2?
3c2
In base 13, what is -1 + -55?
-56
In base 6, what is 1243 - 12?
1231
In base 8, what is -4517 - -2?
-4515
In base 16, what is -45 + a?
-3b
In base 14, what is -93 + 2?
-91
In base 11, what is -959 + -a?
-968
In base 13, what is c - -3b?
4a
In base 4, what is -2 - 1231?
-1233
In base 15, what is 6a5 + 5?
6aa
In base 6, what is -1423 + -13?
-1440
In base 8, what is 2 - -277?
301
In base 12, what is 4a - 3a?
10
In base 3, what is -1222 + 101102?
22110
In base 4, what is 3 - 1303?
-1300
In base 7, what is -53 - -2?
-51
In base 16, what is 334 - -2?
336
In base 6, what is -13400 - 3?
-13403
In base 14, what is 2 + -1602?
-1600
In base 2, what is 1 - -10010100?
10010101
In base 6, what is 5554 + 1?
5555
In base 13, what is -22 + -5c?
-81
In base 9, what is 58 - 14?
44
In base 15, what is -12ec + -2?
-12ee
In base 2, what is 111100 - 10?
111010
In base 11, what is a194 - 1?
a193
In base 7, what is -2126 - -1?
-2125
In base 5, what is 1 - -200?
201
In base 5, what is 113 + -100?
13
In base 8, what is -1437 + 17?
-1420
In base 6, what is -3 - 1220?
-1223
In base 11, what is 3 - -68?
70
In base 6, what is 3 - -1230?
1233
In base 13, what is 3 + -110?
-10a
In base 16, what is -36 + 2?
-34
In base 11, what is 30 - -5a?
8a
In base 5, what is 2 - -213?
220
In base 7, what is 4 + -26?
-22
In base 16, what is 15 - f9?
-e4
In base 5, what is 101 + -1413?
-1312
In base 4, what is -120 - 2?
-122
In base 6, what is 152 + 1?
153
In base 12, what is -213 + -3?
-216
In base 9, what is 35 - -2?
37
In base 13, what is -3 + 462?
45c
In base 14, what is -2db - -5?
-2d6
In base 5, what is 2 - -30132?
30134
In base 10, what is 1 + -1095?
-1094
In base 10, what is -96 + 1?
-95
In base 8, what is -335 - -1?
-334
In base 14, what is 12 + 24?
36
In base 6, what is 3102 - 4?
3054
In base 11, what is 99 + 29?
117
In base 8, what is 12 - 402?
-370
In base 13, what is -7 - b69?
-b73
In base 7, what is -2 - -242?
240
In base 12, what is -b - -121?
112
In base 16, what is 147 - 1f?
128
In base 9, what is 1413 - -3?
1416
In base 15, what is 1 - 89?
-88
In base 16, what is -2ed - 1?
-2ee
In base 2, what is -1000111 - 10?
-1001001
In base 4, what is -303312 + -1?
-303313
In base 16, what is -38 + 8?
-30
In base 5, what is -23 + -201?
-224
In base 8, what is 2 + 1036?
1040
In base 6, what is -343 + 10?
-333
In base 15, what is -39 - 3?
-3c
In base 12, what is 330 + -5?
327
In base 15, what is -3e + 18?
-26
In base 7, what is -43055 - -5?
-43050
In base 13, what is -1c31 + -1?
-1c32
In base 12, what is -2 + -4a?
-50
In base 13, what is 84 - 1?
83
In base 16, what is 5 + -8e0?
-8db
In base 5, what is 104342 - -3?
104400
In base 15, what is -d9 + 2a?
-ae
In base 12, what is 2 - 57?
-55
In base 11, what is -99 + -27?
-115
In base 2, what is -1110000011110010 + -100?
-1110000011110110
In base 12, what is 13 - -4?
17
In base 14, what is -7 - -361?
358
In base 5, what is 30134 - 22?
30112
In base 6, what is 5 + 14?
23
In base 2, what is 100 - 1010000?
-1001100
In base 2, what is -11 + 1000011110011?
1000011110000
In base 16, what is -242 - -4?
-23e
In base 12, what is -3 - -31?
2a
In base 7, what is -10 - -213?
203
In base 11, what is -167 + 21?
-146
In base 16, what is 76 + -4?
72
In base 8, what is -4 + 60?
54
In base 14, what is bd - 1?
bc
In base 5, what is 21442 - 14?
21423
In base 11, what is -11 + 8?
-4
In base 13, what is 1107 - -4?
110b
In base 5, what is -231 + -1003?
-1234
In base 6, what is -1 + -333?
-334
In base 11, what is 2 - -10?
12
In base 7, what is 2 + 46?
51
In base 8, what is 24 + -5?
17
In base 7, what is 113 + -6?
104
In base 14, what is -42 + -25?
-67
In base 10, what is -9 - 276?
-285
In base 10, what is -79698 + -5?
-79703
In base 5, what is -1 - 111?
-112
In base 5, what is -3 + 40?
32
In base 15, what is -3 - 174?
-177
In base 3, what is 10011 - -12?
10100
In base 5, what is -10 + 20?
10
In base 4, what is 11123 - 1?
11122
In base 10, what is 96 - 57?
39
In base 7, what is -62 - 4?
-66
In base 16, what is 50f + -8?
507
In base 4, what is -131301 + 0?
-131301
In base 3, what is 121122 - -11?
121210
In base 16, what is 1 + -d0?
-cf
In base 5, what is -2 + 3010?
3003
In base 10, what is -432 - -5?
-427
In base 10, what is 0 - 79?
-79
In base 6, what is -1151 - 30?
-1221
In base 10, what is -64 - -92?
28
In base 5, what is -10 + -14021?
-14031
In base 15, what is 3 + -762?
-75e
In base 9, what is 8 - 424?
-415
In base 4, what is -100200 + 30?
-100110
In base 5, what is -22334 + -10?
-22344
In base 11, what is 1503 - -2?
1505
In base 15, what is -65 + -b?
-71
In base 8, what is -24 - -7?
-15
In base 11, what is -3 - -46?
43
In base 15, what is 8 - -1c?
25
In base 2, what is -1 - 11100000?
-11100001
In base 16, what is 23a + 5?
23f
In base 4, what is -11 - -333?
322
In base 2, what is 1001000 - -11?
1001011
In base 6, what is -1 - 35524?
-35525
In base 13, what is 6 + -9?
-3
In base 14, 